emainder when 682 is divided by 168.
10
What is the remainder when 799 is divided by 16?
15
What is the remainder when 23 is divided by 4?
3
Calculate the remainder when 207 is divided by 52.
51
What is the remainder when 334 is divided by 47?
5
What is the remainder when 607 is divided by 304?
303
What is the remainder when 381 is divided by 44?
29
What is the remainder when 96 is divided by 53?
43
What is the remainder when 734 is divided by 726?
8
Calculate the remainder when 16890 is divided by 103.
101
Calculate the remainder when 385 is divided by 103.
76
Calculate the remainder when 519 is divided by 134.
117
What is the remainder when 291 is divided by 198?
93
Calculate the remainder when 146 is divided by 8.
2
Calculate the remainder when 298 is divided by 32.
10
What is the remainder when 2021 is divided by 46?
43
What is the remainder when 38 is divided by 20?
18
What is the remainder when 335 is divided by 49?
41
What is the remainder when 758 is divided by 11?
10
Calculate the remainder when 298 is divided by 24.
10
Calculate the remainder when 355 is divided by 153.
49
Calculate the remainder when 351 is divided by 89.
84
Calculate the remainder when 357 is divided by 356.
1
Calculate the remainder when 49 is divided by 1.
0
Calculate the remainder when 31569 is divided by 35.
34
Calculate the remainder when 167 is divided by 19.
15
What is the remainder when 52 is divided by 35?
17
Calculate the remainder when 387 is divided by 187.
13
Calculate the remainder when 6597 is divided by 41.
37
What is the remainder when 373 is divided by 18?
13
Calculate the remainder when 267 is divided by 224.
43
Calculate the remainder when 67 is divided by 18.
13
Calculate the remainder when 363 is divided by 91.
90
What is the remainder when 24 is divided by 3?
0
Calculate the remainder when 175 is divided by 22.
21
What is the remainder when 16284 is divided by 17?
15
Calculate the remainder when 283 is divided by 96.
91
Calculate the remainder when 1302 is divided by 130.
2
Calculate the remainder when 352 is divided by 51.
46
Calculate the remainder when 3 is divided by 3.
0
What is the remainder when 127 is divided by 19?
13
Calculate the remainder when 58 is divided by 20.
18
Calculate the remainder when 62 is divided by 20.
2
What is the remainder when 996 is divided by 88?
28
Calculate the remainder when 202 is divided by 99.
4
What is the remainder when 152 is divided by 33?
20
Calculate the remainder when 106 is divided by 18.
16
Calculate the remainder when 260 is divided by 12.
8
Calculate the remainder when 3239 is divided by 55.
49
What is the remainder when 8991 is divided by 191?
14
What is the remainder when 26 is divided by 16?
10
Calculate the remainder when 7206 is divided by 81.
78
Calculate the remainder when 364 is divided by 122.
120
Calculate the remainder when 6748 is divided by 25.
23
What is the remainder when 4699 is divided by 1564?
7
Calculate the remainder when 54 is divided by 46.
8
Calculate the remainder when 4017 is divided by 28.
13
Calculate the remainder when 878 is divided by 22.
20
What is the remainder when 39259 is divided by 52?
51
Calculate the remainder when 12389 is divided by 153.
149
Calculate the remainder when 343 is divided by 110.
13
What is the remainder when 1009 is divided by 83?
13
What is the remainder when 9019 is divided by 2250?
19
What is the remainder when 414 is divided by 12?
6
What is the remainder when 809 is divided by 89?
8
Calculate the remainder when 629 is divided by 105.
104
Calculate the remainder when 12938 is divided by 6465.
8
What is the remainder when 380 is divided by 112?
44
What is the remainder when 98 is divided by 35?
28
Calculate the remainder when 334 is divided by 72.
46
What is the remainder when 2496 is divided by 17?
14
What is the remainder when 2914 is divided by 21?
16
What is the remainder when 110 is divided by 23?
18
What is the remainder when 935 is divided by 78?
77
What is the remainder when 728 is divided by 196?
140
Calculate the remainder when 350 is divided by 62.
40
Calculate the remainder when 18 is divided by 3.
0
What is the remainder when 104 is divided by 15?
14
What is the remainder when 323 is divided by 282?
41
Calculate the remainder when 390 is divided by 287.
103
What is the remainder when 439 is divided by 114?
97
Calculate the remainder when 73 is divided by 21.
10
Calculate the remainder when 58 is divided by 15.
13
What is the remainder when 3757 is divided by 21?
19
What is the remainder when 709 is divided by 351?
7
What is the remainder when 1592 is divided by 165?
107
Calculate the remainder when 707 is divided by 695.
12
What is the remainder when 53 is divided by 19?
15
Calculate the remainder when 606 is divided by 41.
32
Calculate the remainder when 1137 is divided by 192.
177
What is the remainder when 1475 is divided by 51?
47
What is the remainder when 15784 is divided by 35?
34
What is the remainder when 527 is divided by 27?
14
Calculate the remainder when 6809 is divided by 15.
14
Calculate the remainder when 227 is divided by 48.
35
Calculate the remainder when 56 is divided by 23.
10
What is the remainder when 5005 is divided by 4?
1
What is the remainder when 973 is divided by 39?
37
What is the remainder when 72 is divided by 63?
9
Calculate the remainder when 10449 is divided by 7.
5
What is the remainder when 2487 is divided by 1243?
1
Calculate the remainder when 2177 is divided by 99.
98
What is the remainder when 1068 is divided by 1063?
5
Calculate the remainder when 417 is divided by 140.
137
Calculate the remainder when 4073 is divided by 146.
131
What is the remainder when 62 is divided by 8?
6
Calculate the remainder when 123 is divided by 31.
30
What is the remainder when 463 is divided by 2?
1
What is the remainder when 985 is divided by 33?
28
What is the remainder when 316 is divided by 53?
51
Calculate the remainder when 5711 is divided by 112.
111
What is the remainder when 2551 is divided by 847?
10
What is the remainder when 148 is divided by 132?
16
Calculate the remainder when 240 is divided by 3.
0
What is the remainder when 298 is divided by 13?
12
What is the remainder when 192 is divided by 102?
90
Calculate the remainder when 2683 is divided by 122.
121
What is the remainder when 50 is divided by 8?
2
What is the remainder when 112 is divided by 19?
17
What is the remainder when 947 is divided by 13?
11
What is the remainder when 191 is divided by 22?
15
Calculate the remainder when 2756 is divided by 20.
16
Calculate the remainder when 896 is divided by 442.
12
Calculate the remainder when 890 is divided by 128.
122
What is the remainder when 69 is divided by 13?
4
What is the remainder when 271 is divided by 82?
25
What is the remainder when 401 is divided by 175?
51
What is the remainder when 1413 is divided by 325?
113
Calculate the remainder when 453 is divided by 13.
11
What is the remainder when 75 is divided by 9?
3
Calculate the remainder when 239 is divided by 9.
5
Calculate the remainder when 59159 is divided by 87.
86
What is the remainder when 750 is divided by 96?
78
What is the remainder when 2659 is divided by 70?
69
Calculate the remainder when 426 is divided by 146.
134
Calculate the remainder when 3337 is divided by 167.
164
What is the remainder when 387 is divided by 65?
62
What is the remainder when 280 is divided by 99?
82
Calculate the remainder when 836 is divided by 56.
52
Calculate the remainder when 980 is divided by 29.
23
Calculate the remainder when 32038 is divided by 180.
178
Calculate the remainder when 20 is divided by 18.
2
Calculate the remainder when 675 is divided by 73.
18
Calculate the remainder when 28196 is divided by 173.
170
Calculate the remainder when 94 is divided by 23.
2
What is the remainder when 832 is divided by 819?
13
Calculate the remainder when 1138 is divided by 19.
17
Calculate the remainder when 1139 is divided by 568.
3
Calculate the remainder when 2742 is divided by 29.
16
What is the remainder when 358 is divided by 121?
116
What is the remainder when 7310 is divided by 53?
49
What is the remainder when 290 is divided by 98?
94
Calculate the remainder when 3474 is divided by 1156.
6
Calculate the remainder when 427 is 